/(3 - 1). Suppose a = 3*h + 18 - 21. What is i(h)?
-13
Let k(g) be the third derivative of 0*g + 5/6*g**3 + 1/12*g**4 - 2*g**2 + 6. Determine k(5).
15
Suppose -20 = -4*s + 40. Let h(p) = -29*p + s + 1 + 16*p + 12*p. Let v(g) = 3*g + 18. Let q be v(-6). Calculate h(q).
16
Let n(v) = 3*v + 4 + 16 - 2*v. Let c = -403036 - -403020. What is n(c)?
4
Let g(b) = 7*b - b**3 - 2378*b**2 + 2383*b**2 - 22 - 14. What is g(5)?
-1
Let h = 97 + -92. Suppose 5*t + h*t - 70 = 0. Suppose -t = -2*d - 3. Let k(i) = 2*i**3 - 3*i**2. What is k(d)?
4
Let r(b) be the first derivative of 1/3*b**3 + 54 - 4*b - 3*b**2. Determine r(7).
3
Let q(w) be the third derivative of -7*w**4/24 + 5*w**3/6 + 1710*w**2. Calculate q(7).
-44
Suppose -4*v - 6 = -5*o, -246*v + 12 = -241*v - 3*o. Let m(a) = 2*a + 18. Let b(r) = -5*r - 53. Let q(k) = -4*b(k) - 11*m(k). Give q(v).
2
Let q(r) = r**3 - 6*r**2 - 8*r + 5. Let x(g) = 6 - 7*g**2 - 4 + 3*g**3 + 0*g - 14*g - g**3. Let v be x(5). Calculate q(v).
-2
Let u = -145 + 138. Suppose 5*q - 355 = o, 5*q = 6*q - 5*o - 71. Let m(h) = -h**3 + 7 + 2*h - 78*h**2 + q*h**2 + 0*h. What is m(u)?
-7
Let x = 264 - 264. Let b = -7 + 9. Let k(q) = 2*q - 2*q + q**b + 9. What is k(x)?
9
Let w = 16 + -14. Let f(b) = b - 5. Let n be f(9). Let q(g) = -4*g**w - 17 + 4 + n + 3*g**2 - 8*g. Calculate q(-7).
-2
Let j be ((-1)/(-3))/(17 - (-1227)/(-72)). Let i(b) = 2*b + 13. Calculate i(j).
-3
Let r(n) = 2*n - 7. Suppose 5*s - 53 = 2*s + 5*f, -5*f = 5. Suppose 17*j - s*j = -6. Give r(j).
-19
Let w = -26232 - -26251. Let l(b) = b**3 - 18*b**2 - 18*b - 35. Give l(w).
-16
Let j(w) be the first derivative of 9*w**2/2 - 23*w - 1907. Determine j(5).
22
Let b(u) = 10*u**3 - 2*u + 1. Suppose 3*y + 5*x - 66 = 0, -4*y + 5*x + 19 = -2*y. Suppose -12*t - y = -29*t. Determine b(t).
9
Let c(h) be the third derivative of -h**5/20 - 11*h**4/24 - 7*h**3/6 - 4830*h**2. Give c(-6).
-49
Suppose -2*u - 2*k = -k - 1, 0 = 4*k - 20. Let d be (132/(-77))/(u/(-28)). Let v be (d/(-9))/((-10)/15). Let m(l) = -l**2 - 5*l + 1. Calculate m(v).
5
Let a be 5/(35/91) + 2 + -1. Let q(u) = -u**3 + 12*u**2 + 31*u - 3. Let t be q(a). Let s(x) = 3 + x**2 - t*x + 72*x - 44*x. Calculate s(8).
-21
Let r be 12 + -12 - (-3)/1. Let o(z) = z**3 + 9*z - r*z**3 + 0*z**3 - 8*z - 2*z**2. Suppose 4*y - 95 = q - 106, 0 = 2*q - 6. Determine o(y).
6
Let i(v) = v**2 - 11*v - 5. Let m = -69 - 361. Let f = m - -437. Calculate i(f).
-33
Let k(n) = n**3 + n**2 - 3*n - 8. Let p = -328 + 275. Let a = 51 + p. What is k(a)?
-6
Let i(b) = -5*b**3 + 1 + 2*b**3 + 128*b**2 - 130*b**2. Let w(f) = 2*f**2 + 2*f. Let o be w(1). Let a be (8/12)/(o/6). Determine i(a).
-4
Let p(y) be the third derivative of 5*y**4/24 - 14*y**3/3 + y**2 - 140*y. Determine p(3).
-13
Let m(b) = -10 + 181813*b - 90905*b - 90909*b. Let v = 1 - 1. Determine m(v).
-10
Suppose -2*b = 5*h - 16, 5*b + 2*h = -3*h + 70. Let k(l) = -l**2 + 13*l + 87. What is k(b)?
-3
Let x(c) be the third derivative of 1/2*c**3 + 0 + c - 1/8*c**4 + 85*c**2. Let h = 9 + -14. Calculate x(h).
18
Let l(p) be the second derivative of 1/3*p**4 - 2/3*p**3 - 86*p + 0 + 3/2*p**2 - 1/20*p**5. What is l(2)?
3
Let m(n) = n. Let v(s) = -108*s**2 + 3*s - 3. Let k be v(1). Let o be (-24)/k + 140/18. Let d(w) = w**3 - 8*w**2 + w - 1. Let q be d(o). Calculate m(q).
7
Let o = -10 - -6. Let i be o*(-4)/16 - 7. Let n(s) = -7*s**2 - 8 - 3*s**3 - 3*s**3 - 8*s + 5*s**3. What is n(i)?
4
Let b(c) = -2*c**3 - 32*c**2 - 2*c - 7. Suppose -34*k + 32*k + 80 = -4*s, 2*s + 2*k = -16. What is b(s)?
25
Let f(a) = 8*a - 142. Let i be f(18). Let n(k) = -385 - 384 - k**i + 10*k + 777. Determine n(10).
8
Let z(y) = -y**2 + 4*y + 10. Let c(v) = -2*v**2 + 11*v + 34. Let h be c(-11). Let b = -323 - h. Calculate z(b).
-2
Let o(l) = -4*l**2 - 4*l - 4. Suppose -40*s + 2*y - 8 = -38*s, s = -y. Determine o(s).
-12
Suppose -50 = 4*n + 9*u - 4*u, -5*n - 4*u - 49 = 0. Let r(g) be the third derivative of -g**6/120 - g**5/12 + g**4/24 - g**3/6 + g**2. Determine r(n).
-6
Let g(n) = 5310*n - 5309*n - 36 + 45. Give g(-6).
3
Let o(a) = 35 - 66 + 626*a**3 - 31*a + 17*a**2 + 9*a - 42 - 625*a**3. What is o(-18)?
-1
Let c(h) = 41*h + 225. Let b = 3611 + -3616. Calculate c(b).
20
Let m(i) = -22*i**2 + 1 - 2 - 4*i + 8 + 4 - 9. Give m(2).
-94
Let d(j) be the third derivative of j**5/60 - j**4/4 - 35*j**3/6 + j**2 + 2*j. Let o(c) be the first derivative of d(c). Determine o(7).
8
Let q(j) = 14*j - 147. Let w(s) = s - 29. Let f(v) = -q(v) + 5*w(v). What is f(7)?
-61
Let a(j) = -18*j**2 - 98*j - 50. Let t(w) = -13*w**2 - 73*w - 37. Let o(n) = -8*a(n) + 11*t(n). What is o(14)?
-77
Let k(d) = 53*d + 393. Let y be k(-7). Let n(q) = 76 + q - y - 30 - 28. Give n(7).
3
Let r(u) be the second derivative of -15*u - 1/6*u**4 - 1/12*u**5 + 0*u**3 + 41/2*u**2 + 0 - 1/120*u**6. Let d(b) be the first derivative of r(b). Give d(-3).
-6
Let f = 218 + -216. Let k(z) = f*z - 4101 + 4097 - 3*z. What is k(6)?
-10
Suppose -173*i = -168*i - 5*a - 70, 0 = -4*i - 5*a + 2. Let v(y) = 6*y - 9. Let d(p) = -5*p + 9. Let s(x) = -3*d(x) - 2*v(x). Give s(i).
15
Let w = -27 + 38. Let v(p) = -8*p + 19*p + 3*p + 4 - w*p. Calculate v(-9).
-23
Suppose 2*u + 0 = -k + 6, 3*k = 3*u. Let y(l) = 23*l - 54. Calculate y(u).
-8
Suppose 3*c - 116 + 47 = 0. Suppose i + 0 = c. Let f = 26 - i. Let j(k) = 4*k - 4. Determine j(f).
8
Let z(c) = 3*c + 2*c + 2*c - 1 + 3*c**2 - 2*c**2. Let n(a) = 139*a - 8902. Let o be n(64). Calculate z(o).
-7
Suppose -25*g + 21*g - 20 = 2*f, 5*g + 4*f + 22 = 0. Let c(q) = -2*q**2 - 9*q - 20. What is c(g)?
-38
Suppose 84 + 170 = -4*h + 2*d, 2*h + 2*d = -112. Let a = h - -52. Let m = a + 10. Let b(i) = -4*i**2 + 2*i - 1. What is b(m)?
-3
Let h(q) = q**2 - 6*q - 24. Let u be h(10). Let v be 1*12 - (-8 + 5). Suppose -v*y = -u*y. Let i(j) = -j + 17. Calculate i(y).
17
Let l(t) = -22*t + 3. Let z(o) be the first derivative of -19*o**2/2 + 2*o + 77. Let i(v) = 6*l(v) - 7*z(v). What is i(-5)?
-1
Let b = -34 - -36. Let f(n) = -41*n**3 + 42*n**3 + 4 + b*n + 0*n**2 + n - 5*n**2. Give f(3).
-5
Let o(a) be the second derivative of -a**5/40 + a**4/12 - 7*a**3/6 - 2*a - 48. Let m(d) be the second derivative of o(d). Determine m(5).
-13
Let p(b) = b - 8. Let i = 247 - 69. Let c = 183 - i. Give p(c).
-3
Suppose h = -u - 14 + 2, -5*u - 4 = -2*h. Suppose -3 = 2*i - 9. Let a(g) = 4*g + 3 + g + 5*g**2 - 2*g + g**i. What is a(u)?
7
Let u(c) = 34*c - 45*c + 192*c**2 + 34 - 191*c**2. Calculate u(6).
4
Let p(k) = k**2 + 5*k + 3. Let c be p(-3). Let d(x) = 273703461 - x + 6*x**2 + 5*x - 273703461. Determine d(c).
42
Let m(n) = -1166*n**3 + 1167*n**3 - 2 - 12*n**2 - 12*n + 0*n**2. Give m(13).
11
Let g(d) be the third derivative of d**4/8 + 17*d**3/2 - d**2 + 248. What is g(-16)?
3
Let o(j) = -7*j - 5. Let d(v) = -v**3 + 2*v**2 + 2*v - 4. Let n be d(2). Suppose 0 = 3*b + 4*x - 5*x + 108, n = x. Let g = b + 32. Give o(g).
23
Let z(p) be the third derivative of -58*p**2 + 0 + 0*p - 1/60*p**5 + 7/6*p**3 - 5/24*p**4. Determine z(-5).
7
Let d(t) = 8*t**2 + t. Let x = 72 + -71. Let v be d(x). Let i(w) = w - 17. Let m be i(v). Let l(k) = k + 7. Give l(m).
-1
Let z = -11686 - -11690. Let f(k) = 14*k - 3. Give f(z).
53
Let r = -77 + 81. Let d(f) = -f**3 + 3*f**2 + 7*f - 10. Let w be d(r). Let p(x) = 15*x**2 + 12*x**2 - 26*x**w. What is p(1)?
1
Let b(m) = -2*m**2 - m + 2. Suppose -2*p + 8 = 4*r, -16*p + 20*p = -5*r + 16. Suppose 2*d + 2*t - 4 + 0 = 0, 0 = 2*t - p. Determine b(d).
2
Let f be (0 - -5)*-1*2/(-5). Let l(p) = p**3 - f*p - 2*p**2 + 0*p**2 - 5*p - 2*p**2 + 6. What is l(5)?
-4
Let j = 27 + -25. Let s(r) be the second derivative of -1/6*r**3 + 5*r + 1/4*r**4 + 0 - 1/2*r**2. Give s(j).
9
Let z(h) = -2*h + 22. Let b = -455 + 533. Suppose 21*l - 69 - b = 0. Give z(l).
8
Let b(k) = -120*k + 123*k - 2 - 48*k**2 + 47*k**2. Let s(c) = -13*c - 24. Let v be s(-2). Determine b(v).
0
Let z(b) = 7*b - 7. Suppose u + 2*k = 45 - 48, 2*u = -5*k - 12. Give z(u).
56
Let k(m) = 4*m + 5. Suppose 21 - 41 = -5*j - 4*n, 0 = -5*j + 3*n - 15. What is k(j)?
5
Let u(c) = -c**3 + 16*c**2 - 51*c - 40. Let q be u(11). Let k(p) = -3*p + 10. Let s(x) = 3*x - 10. Let o(g) = 3*k(g) + 4*s(g). Give o(q).
2
Let k(c) = 5*c**2 + c + 1. Let b(t) = 4*t**2 + t + 1. Let y(u) = -6*b(u) + 5*k(u). Suppose -5*a + 318 = 323, 5*a = -5*x